n + 23. Determine t(-2).
11
Let z(y) = -y**3 + 34*y**2 - 120*y. Calculate z(4).
0
Let b(j) = -j**2 - 7*j - 3. Calculate b(-9).
-21
Let n(i) = -2*i - 5. What is n(2)?
-9
Let b(z) = -z**3 + 13*z**2 - 2*z + 18. Give b(13).
-8
Let g(k) = 3*k**2 - 40*k + 76. Give g(11).
-1
Let w(h) = -6*h - 2. Give w(-2).
10
Let h(j) = -j**2 + 4*j + 5. Calculate h(5).
0
Let f(s) = 3*s**2 - 6*s - 1. Give f(2).
-1
Let l(x) = -17*x. What is l(1)?
-17
Let q(a) = -a**2 - 2*a + 3. Give q(3).
-12
Let v(j) = -2*j**3 + 15*j**2 - 2*j - 24. Determine v(7).
11
Let c(a) = -4*a + 45. Calculate c(8).
13
Let u(g) = 43*g + 1163. Determine u(-27).
2
Let x(f) = f**2 - 41*f + 213. Calculate x(35).
3
Let s(l) = l**2 - 7*l - 4. What is s(6)?
-10
Let i(x) = -3*x - 16. What is i(-6)?
2
Let m(a) = -a**3 + 15*a**2 - 18*a + 49. Determine m(14).
-7
Let r(m) = 3*m**2 + m - 1. Calculate r(-3).
23
Let v(x) = 2*x**3 + 2*x**2 - 4*x - 4. Determine v(-2).
-4
Let p(h) = -h - 1. Calculate p(5).
-6
Let r(o) = o**3 + 12*o**2 - 2*o - 5. Calculate r(-12).
19
Let r(k) = -k**2 + 11*k + 11. Calculate r(11).
11
Let n(y) = -y**2 + 13*y - 25. Determine n(8).
15
Let v(s) = -s**3 - 2*s**2 + s - 29. Calculate v(-4).
-1
Let r(o) = 26*o + 53. Determine r(-4).
-51
Let d(u) = -u - 5. What is d(-13)?
8
Let z(n) = 3*n - 52. Determine z(17).
-1
Let t(d) = -8*d - 88. Calculate t(-11).
0
Let a(q) = -32*q**3 + q**2 - 2*q. Give a(1).
-33
Let x(o) = -6*o - 2. Give x(0).
-2
Let x(p) = 32*p + 2. What is x(2)?
66
Let f(w) = w**3 + 6*w**2 - 7*w - 2. Give f(-7).
-2
Let c(b) = -2*b**2 - 18*b + 11. Determine c(-13).
-93
Let k(p) = -p**2 + 9*p + 9. What is k(9)?
9
Let s(t) = t**2 + 6*t + 3. Determine s(-2).
-5
Let z(c) = -c + 10. What is z(0)?
10
Let o(a) = a**3 + 13*a**2 + 11*a - 23. Calculate o(-12).
-11
Let f(j) = -17*j + 67. What is f(4)?
-1
Let q(j) = j**2 - j. Calculate q(0).
0
Let i(h) = -4*h - 16. Give i(-14).
40
Let d(t) = -t**3 - 3*t**2 - 3*t - 4. Calculate d(-5).
61
Let p(m) = -m**3 - 6*m**2 + 9*m + 21. What is p(-7)?
7
Let y(m) = -m + 6. Give y(4).
2
Let g(j) = -2*j**2 + 8*j + 6. What is g(6)?
-18
Let q(s) = s**3 + 11*s**2 + 4*s + 15. Calculate q(-11).
-29
Let i(w) = -w**2 - 5*w + 3. What is i(-4)?
7
Let l(w) = 6*w**2 + w - 3. Calculate l(-2).
19
Let j(d) = d**2 + d + 4. Calculate j(4).
24
Let c(v) = 10*v - 409. What is c(40)?
-9
Let m(s) = 40*s. Give m(1).
40
Let i(a) = -5*a + 33. Give i(3).
18
Let j(c) = c**3 + 10*c**2 - 13*c - 25. Calculate j(-11).
-3
Let z(h) = -h**3 + 17*h**2 - 17*h + 24. Calculate z(16).
8
Let v(x) = x**2 + 21*x + 74. What is v(-16)?
-6
Let x(l) = 2*l + 21. What is x(-4)?
13
Let l(x) = x**3 + 3*x**2 - 4*x - 29. Give l(-4).
-29
Let l(f) = f + 14. What is l(-10)?
4
Let h(q) = -4*q + 3. Give h(1).
-1
Let i(d) = 16*d + 7. Give i(-8).
-121
Let d(r) = -r**3 + 31*r**2 - 26*r - 94. Determine d(30).
26
Let n(b) = -23*b - 3. Determine n(-1).
20
Let y(p) = -p**3 - 16*p**2 - 16*p - 38. Determine y(-15).
-23
Let j(x) = -3*x - 2. What is j(6)?
-20
Let w(u) = u**2 - 6*u + 14. Determine w(8).
30
Let d(f) = -137*f - 4. Determine d(-1).
133
Let z(b) = -b**2 + 10*b - 9. Calculate z(9).
0
Let i(v) = v**2 + 8*v + 8. Give i(-3).
-7
Let p(c) = 6*c**2 - 1. Calculate p(1).
5
Let c(z) = -z - 4. Calculate c(5).
-9
Let y(x) = x**3 - 7*x**2 + 2*x - 13. What is y(7)?
1
Let b(a) = -a**3 - a**2 + 3*a - 3. What is b(2)?
-9
Let s(j) = -3*j**2 + 4*j + 10. Calculate s(2).
6
Let q(h) = -h**3 + 5*h**2 - 4*h + 1. Determine q(3).
7
Let l(r) = -38*r - 266. Determine l(-7).
0
Let z(p) = p**2 - 7*p + 12. Calculate z(5).
2
Let o(d) = d**3 + 2*d**2 + d - 7. What is o(-3)?
-19
Let j(z) = 22*z**3 - z**2 + 1. Calculate j(1).
22
Let u(c) = -c**2 + 3*c - 1. What is u(2)?
1
Let y(d) = d**2 - 6. Give y(-3).
3
Let d(j) = -31*j + 19. Calculate d(0).
19
Let s(i) = 100*i - 185. Determine s(2).
15
Let z(u) = -6*u - 1. What is z(-5)?
29
Let w(s) = 2*s**2 - 4*s - 4. Calculate w(-4).
44
Let h(p) = 10*p + 2. What is h(-2)?
-18
Let v(i) = i**3 + 32*i**2 + 59*i - 38. Give v(-30).
-8
Let l(w) = w**3 - 4*w**2 - 7*w - 6. Give l(6).
24
Let f(p) = -4*p + 3. Determine f(-6).
27
Let v(o) = -o**3 + 7*o**2 + 6. Calculate v(6).
42
Let g(x) = -x**3 - 5*x**2 + 7*x + 10. Determine g(-7).
59
Let j(q) = q**3 + 5*q**2 - 10*q - 9. What is j(-7)?
-37
Let h(z) = -8*z - 45. Calculate h(-6).
3
Let v(o) = o**2 - 3*o - 6. Determine v(-6).
48
Let y(u) = -u**2 - 6*u - 9. What is y(-7)?
-16
Let z(r) = -r**2 - 18*r + 2. Calculate z(-18).
2
Let d(n) = n**3 - 3*n**2 - 2*n - 1. Calculate d(-2).
-17
Let p(a) = -a**2 - 34*a - 48. Give p(-33).
-15
Let b(y) = -6*y - 4. Give b(0).
-4
Let d(r) = -2*r - 8. Determine d(-9).
10
Let j(q) = -q**2 + 6*q - 24. Determine j(4).
-16
Let l(t) = -t**2 - 19*t - 45. Determine l(-18).
-27
Let s(d) = -12*d**2 - d. Calculate s(-1).
-11
Let d(y) = -y**3 + 3*y**2 - 2*y. Calculate d(3).
-6
Let f(b) = 10*b + 2. What is f(0)?
2
Let n(u) = -u**2 + 19*u - 11. Give n(18).
7
Let t(l) = 2*l**3 + l**2 + 9*l + 9. Calculate t(-1).
-1
Let f(z) = -3*z**2 + 16*z - 12. Calculate f(4).
4
Let d(y) = -y**2 - y - 7. Give d(-6).
-37
Let k(w) = -w**3 - w**2 + 8*w - 6. What is k(-4)?
10
Let v(q) = -q**3 - 9*q**2 - 5*q + 19. Calculate v(-8).
-5
Let b(v) = v**3 + 8*v**2 - 10*v + 3. Determine b(-9).
12
Let w(k) = 4*k - 62. Determine w(20).
18
Let l(q) = -q**2 + 2*q + 6. Calculate l(5).
-9
Let s(g) = 6*g**2 - 162*g - 24. Calculate s(27).
-24
Let k(o) = o**3 + 14*o**2 + 4. What is k(-14)?
4
Let b(u) = -u + 24. Determine b(12).
12
Let c(w) = -w**3 + 4*w**2 + 10*w - 5. Give c(5).
20
Let s(y) = y**2 + 10*y - 18. What is s(-10)?
-18
Let c(d) = 2*d**3 + d**2 - 7*d - 1. What is c(-3)?
-25
Let m(o) = -2*o**2 + 12*o + 17. Calculate m(7).
3
Let t(w) = -w**3 - 5*w**2 + 7*w + 7. Give t(-6).
1
Let d(j) = -52*j - 42. Calculate d(-1).
10
Let d(g) = -3*g**2 - 2*g - 8. Give d(-3).
-29
Let i(t) = t**2 - 12*t + 20. Determine i(12).
20
Let a(i) = 6*i**2 + 2*i + 2. Determine a(-3).
50
Let a(y) = -y**2 - 23*y + 21. Determine a(-24).
-3
Let n(u) = -u**2 + 11*u - 10. Calculate n(12).
-22
Let o(x) = -x**2 + 26*x + 50. Calculate o(28).
-6
Let u(v) = -v**2 + 3*v + 11. Determine u(5).
1
Let g(l) = l**2 - 11*l + 1. Calculate g(10).
-9
Let w(b) = -4*b - 30. What is w(-11)?
14
Let k(u) = u**3 + 29*u**2 + 25*u - 85. What is k(-28)?
-1
Let c(y) = -8*y**2 + 3*y - 3. Determine c(1).
-8
Let c(g) = 12*g + 11. Give c(-6).
-61
Let w(y) = -y**3 + 6*y**2 - 2*y + 10. What is w(6)?
-2
Let y(d) = -d**2 + 20*d - 46. Calculate y(18).
-10
Let u(j) = -j**2 + 7*j + 9. Calculate u(7).
9
Let h(n) = -4*n - 227. Give h(-55).
-7
Let i(w) = -w**3 + 5*w**2 + 14*w - 9. Calculate i(7).
-9
Let q(h) = -29*h**2 - 147*h - 12. Calculate q(-5).
-2
Let m(t) = -2*t**2 - 24*t + 13. What is m(-12)?
13
Let v(z) = -4*z - 77. What is v(-19)?
-1
Let g(s) = -s**2 + 17. What is g(0)?
17
Let a(w) = w**2 + 8*w - 57. Determine a(-12).
-9
Let l(i) = i**3 + 12*i**2 + 6*i + 9. Give l(-11).
64
Let n(m) = -m**2 - 9*m - 5. Give n(-6).
13
Let d(p) = -2*p - 18. Give d(-10).
2
Let n(w) = 39*w**3 - 3*w**2 + 2*w. What is n(1)?
38
Let w(c) = -c**3 - 9*c**2 + 9*c - 6. What is w(-10)?
4
Let k(d) = -7*d**3 + 3*d**2 - d + 2. Give k(2).
-44
Let y(q) = -q**3 + 12*q**2 + 13*q + 7. What is y(13)?
7
Let q(w) = -w**2 + 25*w - 102. Give q(19).
12
Let u(c) = -8*c - 23. Determine u(0).
-23
Let w(i) = 7*i**2 - i. Determine w(1).
6
Let a(x) = -x**2 + 1. Give a(-2).
-3
Let i(h) = -2*h**2 - 10*h + 4. Determine i(-6).
-8
Let s(u) = u + 20. What is s(-16)?
4
Let f(y) = 21*y - 3. Determine f(0).
-3
Let d(v) = v**3 - 38*v**2. Calculate d(38).
0
Let z(p) = p**3 + 13*p**2 - 15*p - 9. Determine z(-14).
5
Let w(b) = -4*b - 9. Determine w(7).
-37
Let j(o) = -5*o + 15. Calculate j(5).
-10
Let d(g) = g**3 + 6*g**2 - 7*g. Determine d(-7).
0
Let s(b) = -96*b**2 - 5*b + 1. Calculate s(1).
-100
Let p(h) = -24*h + 148. Calculate p(6).
4
Let x(o) = -5*o + 10. Calculate x(4).
-10
Let k(m) = -m**2 + 49*m - 433. Calculate k(38).
-15
Let d(a) = 3*a**2 + 24*a - 41. Give d(-9).
-14
Let r(g) = -41*g - 537. Calculate r(-13).
-4
Let p(l) = -l**3 + 13*l**2 - 17*l + 56. What is p(12)?
-4
Let n(o) = -o**3 - 11*o**2 + 11*o + 25. Give n(-12).
37
Let z(i) = -i**2 + 3*i + 8. What is z(6)?
-10
Let o(j) = 2*j**2 + 50*j - 54. Give o(-26).
-2
Let m(i) = -i**3 + i**2 - i - 1. Determine m(0).
-1
Let n(z) = 4*z**2 + 8*z + 9. Cal